{"id":75,"date":"2009-11-30T20:12:05","date_gmt":"2009-11-30T16:12:05","guid":{"rendered":"http:\/\/psjbatista.org.br\/newsite\/?page_id=75"},"modified":"2023-07-13T17:06:24","modified_gmt":"2023-07-13T20:06:24","slug":"contato","status":"publish","type":"page","link":"https:\/\/psjbatista.org.br\/paroquia\/contato\/","title":{"rendered":"Contato"},"content":{"rendered":"<p><strong>PAR\u00d3QUIA S\u00c3O JO\u00c3O BATISTA DE RUDGE RAMOS<br \/>\nMATRIZ DE RUDGE RAMOS &#8211; DIOCESE DE SANTO ANDR\u00c9<\/strong><\/p>\n<p>Pra\u00e7a S\u00e3o Jo\u00e3o Batista, s\/n &#8211; Rudge Ramos<br \/>\nS\u00e3o Bernardo do Campo, SP &#8211; CEP: 09626-140<br \/>\nTel\/Fax: (11) 4368-5026<\/p>\n<p><!-- ddfm1 --><\/p>\n<p><strong>*Inten\u00e7\u00f5es para as Missas s\u00e3o marcadas pessoalmente na Secretaria Paroquial at\u00e9 10 minutos antes das celebra\u00e7\u00f5es.<\/strong><\/p>\n<p>Caso prefira, envie-nos email:<\/p>\n<p>Secretaria Paroquial: <a href=\"mailto:secretaria@psjbatista.org.br\">secretaria@psjbatista.org.br<\/a><\/p>\n<p>&nbsp;<\/p>\n<p><strong>Mapa de localiza\u00e7\u00e3o:<\/strong><\/p>\n<p><iframe loading=\"lazy\" src=\"http:\/\/maps.google.com.br\/maps?f=q&amp;source=s_q&amp;hl=pt-BR&amp;geocode=&amp;q=pra%C3%A7a+s%C3%A3o+jo%C3%A3o+batista,+rudge+ramos,+s%C3%A3o+bernardo+do+campo&amp;sll=-14.179186,-50.449219&amp;sspn=85.920634,158.027344&amp;ie=UTF8&amp;hq=Pra%C3%A7a+S%C3%A3o+Jo%C3%A3o+Batista&amp;hnear=Pra%C3%A7a+S%C3%A3o+Jo%C3%A3o+Batista+-+S%C3%A3o+Bernardo+do+Campo+-+SP&amp;ll=-23.655011,-46.571197&amp;spn=0.024529,0.038418&amp;output=embed\" width=\"520\" height=\"400\" frameborder=\"0\" marginwidth=\"0\" marginheight=\"0\" scrolling=\"no\"><\/iframe><br \/>\n<small><a style=\"color: #0000ff; text-align: left;\" href=\"http:\/\/maps.google.com.br\/maps?f=q&amp;source=embed&amp;hl=pt-BR&amp;geocode=&amp;q=pra%C3%A7a+s%C3%A3o+jo%C3%A3o+batista,+rudge+ramos,+s%C3%A3o+bernardo+do+campo&amp;sll=-14.179186,-50.449219&amp;sspn=85.920634,158.027344&amp;ie=UTF8&amp;hq=Pra%C3%A7a+S%C3%A3o+Jo%C3%A3o+Batista&amp;hnear=Pra%C3%A7a+S%C3%A3o+Jo%C3%A3o+Batista+-+S%C3%A3o+Bernardo+do+Campo+-+SP&amp;ll=-23.655011,-46.571197&amp;spn=0.024529,0.038418\">Exibir mapa ampliado<\/a><\/small><\/p>\n","protected":false},"excerpt":{"rendered":"<p>PAR\u00d3QUIA S\u00c3O JO\u00c3O BATISTA DE RUDGE RAMOS MATRIZ DE RUDGE RAMOS &#8211; DIOCESE DE SANTO ANDR\u00c9 Pra\u00e7a S\u00e3o Jo\u00e3o Batista, s\/n &#8211; Rudge Ramos S\u00e3o Bernardo do Campo, SP &#8211; CEP: 09626-140 Tel\/Fax: (11) 4368-5026 *Inten\u00e7\u00f5es para as Missas s\u00e3o marcadas pessoalmente na Secretaria Paroquial at\u00e9 10 minutos antes das celebra\u00e7\u00f5es. Caso prefira, envie-nos email: [&hellip;]<\/p>\n","protected":false},"author":5,"featured_media":0,"parent":0,"menu_order":0,"comment_status":"closed","ping_status":"open","template":"","meta":{"om_disable_all_campaigns":false,"_monsterinsights_skip_tracking":false,"_monsterinsights_sitenote_active":false,"_monsterinsights_sitenote_note":"","_monsterinsights_sitenote_category":0,"_uf_show_specific_survey":0,"_uf_disable_surveys":false,"footnotes":""},"class_list":["post-75","page","type-page","status-publish","hentry"],"aioseo_notices":[],"_links":{"self":[{"href":"https:\/\/psjbatista.org.br\/paroquia\/wp-json\/wp\/v2\/pages\/75","targetHints":{"allow":["GET"]}}],"collection":[{"href":"https:\/\/psjbatista.org.br\/paroquia\/wp-json\/wp\/v2\/pages"}],"about":[{"href":"https:\/\/psjbatista.org.br\/paroquia\/wp-json\/wp\/v2\/types\/page"}],"author":[{"embeddable":true,"href":"https:\/\/psjbatista.org.br\/paroquia\/wp-json\/wp\/v2\/users\/5"}],"replies":[{"embeddable":true,"href":"https:\/\/psjbatista.org.br\/paroquia\/wp-json\/wp\/v2\/comments?post=75"}],"version-history":[{"count":0,"href":"https:\/\/psjbatista.org.br\/paroquia\/wp-json\/wp\/v2\/pages\/75\/revisions"}],"wp:attachment":[{"href":"https:\/\/psjbatista.org.br\/paroquia\/wp-json\/wp\/v2\/media?parent=75"}],"curies":[{"name":"wp","href":"https:\/\/api.w.org\/{rel}","templated":true}]}}